{"id":21961,"date":"2023-10-10T12:36:37","date_gmt":"2023-10-10T10:36:37","guid":{"rendered":"https:\/\/retrobat.cat\/product\/ruta-empoderarme-en-mi-vida-con-una-vision-holistica\/"},"modified":"2023-10-10T12:36:37","modified_gmt":"2023-10-10T10:36:37","slug":"ruta-empoderarme-en-mi-vida-con-una-vision-holistica","status":"publish","type":"product","link":"https:\/\/retrobat.cat\/es\/producto\/ruta-empoderarme-en-mi-vida-con-una-vision-holistica\/","title":{"rendered":"Ruta: Empoderarme en mi vida con una visi\u00f3n hol\u00edstica"},"content":{"rendered":"<h2>Presentaci\u00f3n \u00abRutas al Ser\u00bb<\/h2>\n<p>Las <em>\u00abRutas al Ser\u00bb<\/em> son un viaje profundo y transformador hacia el crecimiento personal, dise\u00f1adas para ofrecerte un espacio de exploraci\u00f3n y conexi\u00f3n contigo mismo\/a. Este programa integra t\u00e9cnicas humanistas de reconocido prestigio como la Gestalt, las Constelaciones Familiares, el An\u00e1lisis Transaccional (AT) y la Programaci\u00f3n Neuroling\u00fc\u00edstica (PNL), entre otros. Puedes vivir las <em>\u00abRutas al Ser\u00bb <\/em>de diferentes formas, seg\u00fan tus necesidades y objetivos: <\/p>\n<ol>\n<li><strong>Ruta al Ser espec\u00edfica: <\/strong>Una experiencia puntual y centrada en un tema concreto ideal para iniciarte o trabajar un aspecto espec\u00edfico de tu crecimiento personal.<\/li>\n<li><strong>Ruta al Ser completa: <\/strong>Un viaje profundo y completo que abarca un m\u00ednimo de 9 fines de semana (con periodicidad mensual), en el que t\u00fa decides el ritmo y la fecha de finalizaci\u00f3n. Se puede iniciar este viaje desde cualquier \u00abRuta al Ser\u00bb espec\u00edfica.  <a href=\"https:\/\/retrobat.cat\/desenvolupament-personal\/rutes-al-ser\/\" target=\"_blank\" rel=\"noopener\">Consultar todas las \u00abRutas al Ser\u00bb<\/a><\/li>\n<li><strong>Ruta al Ser profesional:<\/strong> Una formaci\u00f3n avanzada, dise\u00f1ada para profesionales de sectores como educaci\u00f3n, trabajo social o salud, que combina un trabajo profundo personal con herramientas pr\u00e1cticas aplicables a tu \u00e1mbito profesional. <a href=\"https:\/\/retrobat.cat\/producte\/tecnic-especialista-humanista\/\" target=\"_blank\" rel=\"noopener\">Consultar informaci\u00f3n \u00abPractitioner Humanista\u00bb<\/a><\/li>\n<\/ol>\n<p>Cada ruta espec\u00edfica te ofrece la oportunidad de abordar un aspecto concreto de tu desarrollo personal desde una mirada hol\u00edstica y con el acompa\u00f1amiento de profesionales especializados. Sea cual sea tu elecci\u00f3n, las <em>\u00abRutas al Ser\u00bb<\/em> son una invitaci\u00f3n a vivir con mayor plenitud, conciencia y conexi\u00f3n con tu esencia.<\/p>\n<h2>Breve descripci\u00f3n Ruta espec\u00edfica<\/h2>\n<p>La integraci\u00f3n de una visi\u00f3n hol\u00edstica en la vida implica la consideraci\u00f3n de todas las \u00e1reas importantes de la existencia y la b\u00fasqueda de un equilibrio armonioso. En esta ruta experimentar\u00e1s una conciencia integral de tu ser que es mucho m\u00e1s que la suma de las partes, y as\u00ed desde una mirada profunda y ampl\u00eda respirar la interconexi\u00f3n que se da entre diferentes aspectos de la vida, la salud, las relaciones, tu profesi\u00f3n y el bienestar emocional. De esta forma, enriquecer tu capacidad de gestionar de forma significativa otros elementos pr\u00e1cticos que forman parte de tu d\u00eda a d\u00eda<span class=\"hiddenGrammarError\">, <\/span>como por ejemplo la gesti\u00f3n del tiempo, integrando una visi\u00f3n m\u00e1s amplia de tu Ser (deseos, l\u00edmites, responsabilidades<span class=\"hiddenGrammarError\" style=\"padding-bottom: 2px;background-image: url('..\/..\/..\/..\/..\/images\/squiggle.png');background-position: left bottom;cursor: default;color: #000000;font-family: 'Open Sans', Helvetica, Arial, sans-serif;font-size: 16px;font-style: normal;font-weight: 300;letter-spacing: normal;text-align: start;text-indent: 0px;text-transform: none\">, .. .<\/span>) Las \u00abRutas al Ser\u00bb son una vivencia que actualizar\u00e1 tu Ser, ante los cambios constantes que estamos viviendo en la actualidad. Es una estrategia de aprendizaje profunda y completa que ofrecemos en nuestro centro desde 2014 y que est\u00e1 creada por Sonia <span class=\"hiddenSpellError\">Talabante<\/span> <span class=\"hiddenSpellError\">Luis<\/span> como resultado de su experiencia de m\u00e1s de dos d\u00e9cadas como terapeuta y tambi\u00e9n como educadora social. Integra la aportaci\u00f3n de un amplio abanico de t\u00e9cnicas terap\u00e9uticas enriquecidas con una visi\u00f3n hol\u00edstica, aportando una respuesta pr\u00e1ctica para vivirte en tu d\u00eda a d\u00eda. Te resultar\u00e1 refrescante y revolucionario. Este servicio cuenta con una puntuaci\u00f3n de satisfacci\u00f3n del <span class=\"hiddenGrammarError\">9&#8217;7<\/span> por los <span class=\"hiddenSpellError\">exparticipantes.<\/span><\/p>\n<h2>Metodolog\u00eda<\/h2>\n<ul>\n<li><strong>Conferencia:<\/strong> Modalidad: Presencial (s\u00e1bado ma\u00f1ana)<\/li>\n<li><strong>Training Humanista<\/strong> <strong>(espacio pr\u00e1ctico de aprendizaje): <\/strong>preferentemente con Constelaciones Familiares, entre otras t\u00e9cnicas terap\u00e9uticas humanistas. Modalidad: Presencial (viernes tarde y s\u00e1bado tarde) <\/li>\n<li><strong>Constelaciones Familiares &amp; \u00abLa fuerza de encontrar tu lugar\u00bb:<\/strong> Modalidad: Presencial (domingo ma\u00f1ana).<\/li>\n<li><strong>Acceso al Campus Virtual: <\/strong>Material de propia elaboraci\u00f3n. Modalidad: Virtual, podr\u00e1s gestionar el tiempo que desees dedicarle a lo largo de un mes posterior a las sesiones pr\u00e1cticas del fin de semana. <\/li>\n<\/ul>\n<p>El grupo es reducido para realizar un proceso de aprendizaje y de conciencia de forma profunda, con confidencialidad e intimidad.<\/p>\n<h2>Equipo profesional<\/h2>\n<p><strong>Sonia Talabante:<\/strong> Direcci\u00f3n\/Tutora de la formaci\u00f3n y como gu\u00eda de constelaciones familiares. <strong>Anna Bonet: <\/strong> Trainer Humanista.<\/p>\n<p><a href=\"https:\/\/retrobat.cat\/equip-retrobat\/\">M\u00e1s informaci\u00f3n sobre los profesionales<\/a><\/p>\n<h2>M\u00e1s informaci\u00f3n<\/h2>\n<p><strong>Horario: <\/strong>Viernes (de 18h a 22h), s\u00e1bado (de 10h a 14h y de 16h a 20h) y domingo (de 10h a 14h) <strong>Forma de pago: <\/strong>En caso de realizar ahora el pago exclusivamente por el valor de la reserva (50\u20ac ), realizar\u00e1s el resto del pago (130\u20ac) en efectivo el d\u00eda de la sesi\u00f3n. <strong>Lugar de realizaci\u00f3n: <\/strong>(Central) C\/ Migdia 31, 2-A (Vilafranca del Pened\u00e8s. A 3 minutos andando del transporte p\u00fablico.<\/p>\n","protected":false},"excerpt":{"rendered":"<p>Einstein afirm\u00f3 que existen 11 dimensiones, y que nuestra mente exclusivamente puede percibir 3. Y, por otra parte, la Vida fluye en todas las dimensiones de forma simult\u00e1nea. No leas m\u00e1s, y vive esta ruta. Inexplicable con palabras y profundamente revitalizadora para vivirla. <a title=\"Info general \"Rutas al Ser\"\" href=\"https:\/\/retrobat.cat\/wp-content\/uploads\/2024\/02\/20240227-Flyer-completo_compressed.pdf\" target=\"_blank\" rel=\"noopener\">Inform<\/a><a title=\"Info general \"Rutas al Ser\"\" href=\"https:\/\/retrobat.cat\/wp-content\/uploads\/2024\/02\/20240227-Flyer-completo_compressed.pdf\" target=\"_blank\" rel=\"noopener\">aci\u00f3n general sobre el Programa \u00abRutas al Ser\u00bb<\/a>   <\/p>\n","protected":false},"featured_media":827,"comment_status":"open","ping_status":"closed","template":"","meta":{"_acf_changed":false,"_et_pb_use_builder":"","_et_pb_old_content":"","_et_gb_content_width":""},"product_brand":[],"product_cat":[306,307],"product_tag":[],"class_list":{"0":"post-21961","1":"product","2":"type-product","3":"status-publish","4":"has-post-thumbnail","6":"product_cat-desarrollo-personal","7":"product_cat-rutas-al-ser","9":"first","10":"instock","11":"taxable","12":"shipping-taxable","13":"purchasable","14":"product-type-variable"},"acf":[],"_links":{"self":[{"href":"https:\/\/retrobat.cat\/es\/wp-json\/wp\/v2\/product\/21961","targetHints":{"allow":["GET"]}}],"collection":[{"href":"https:\/\/retrobat.cat\/es\/wp-json\/wp\/v2\/product"}],"about":[{"href":"https:\/\/retrobat.cat\/es\/wp-json\/wp\/v2\/types\/product"}],"replies":[{"embeddable":true,"href":"https:\/\/retrobat.cat\/es\/wp-json\/wp\/v2\/comments?post=21961"}],"wp:featuredmedia":[{"embeddable":true,"href":"https:\/\/retrobat.cat\/es\/wp-json\/wp\/v2\/media\/827"}],"wp:attachment":[{"href":"https:\/\/retrobat.cat\/es\/wp-json\/wp\/v2\/media?parent=21961"}],"wp:term":[{"taxonomy":"product_brand","embeddable":true,"href":"https:\/\/retrobat.cat\/es\/wp-json\/wp\/v2\/product_brand?post=21961"},{"taxonomy":"product_cat","embeddable":true,"href":"https:\/\/retrobat.cat\/es\/wp-json\/wp\/v2\/product_cat?post=21961"},{"taxonomy":"product_tag","embeddable":true,"href":"https:\/\/retrobat.cat\/es\/wp-json\/wp\/v2\/product_tag?post=21961"}],"curies":[{"name":"wp","href":"https:\/\/api.w.org\/{rel}","templated":true}]}}

Ruta: Empoderarme en mi vida con una visión holística

<h2>Presentación «Rutas al Ser»</h2>
<p>Las <em>«Rutas al Ser»</em> son un viaje profundo y transformador hacia el crecimiento personal, diseñadas para ofrecerte un espacio de exploración y conexión contigo mismo/a. Este programa integra técnicas humanistas de reconocido prestigio como la Gestalt, las Constelaciones Familiares, el Análisis Transaccional (AT) y la Programación Neurolingüística (PNL), entre otros. Puedes vivir las <em>«Rutas al Ser» </em>de diferentes formas, según tus necesidades y objetivos: </p>
<ol>
<li><strong>Ruta al Ser específica: </strong>Una experiencia puntual y centrada en un tema concreto ideal para iniciarte o trabajar un aspecto específico de tu crecimiento personal.</li>
<li><strong>Ruta al Ser completa: </strong>Un viaje profundo y completo que abarca un mínimo de 9 fines de semana (con periodicidad mensual), en el que tú decides el ritmo y la fecha de finalización. Se puede iniciar este viaje desde cualquier «Ruta al Ser» específica.  <a href="https://retrobat.cat/desenvolupament-personal/rutes-al-ser/" target="_blank" rel="noopener">Consultar todas las «Rutas al Ser»</a></li>
<li><strong>Ruta al Ser profesional:</strong> Una formación avanzada, diseñada para profesionales de sectores como educación, trabajo social o salud, que combina un trabajo profundo personal con herramientas prácticas aplicables a tu ámbito profesional. <a href="https://retrobat.cat/producte/tecnic-especialista-humanista/" target="_blank" rel="noopener">Consultar información «Practitioner Humanista»</a></li>
</ol>
<p>Cada ruta específica te ofrece la oportunidad de abordar un aspecto concreto de tu desarrollo personal desde una mirada holística y con el acompañamiento de profesionales especializados. Sea cual sea tu elección, las <em>«Rutas al Ser»</em> son una invitación a vivir con mayor plenitud, conciencia y conexión con tu esencia.</p>
<h2>Breve descripción Ruta específica</h2>
<p>La integración de una visión holística en la vida implica la consideración de todas las áreas importantes de la existencia y la búsqueda de un equilibrio armonioso. En esta ruta experimentarás una conciencia integral de tu ser que es mucho más que la suma de las partes, y así desde una mirada profunda y amplía respirar la interconexión que se da entre diferentes aspectos de la vida, la salud, las relaciones, tu profesión y el bienestar emocional. De esta forma, enriquecer tu capacidad de gestionar de forma significativa otros elementos prácticos que forman parte de tu día a día<span class="hiddenGrammarError">, </span>como por ejemplo la gestión del tiempo, integrando una visión más amplia de tu Ser (deseos, límites, responsabilidades<span class="hiddenGrammarError" style="padding-bottom: 2px;background-image: url('../../../../../images/squiggle.png');background-position: left bottom;cursor: default;color: #000000;font-family: 'Open Sans', Helvetica, Arial, sans-serif;font-size: 16px;font-style: normal;font-weight: 300;letter-spacing: normal;text-align: start;text-indent: 0px;text-transform: none">, .. .</span>) Las «Rutas al Ser» son una vivencia que actualizará tu Ser, ante los cambios constantes que estamos viviendo en la actualidad. Es una estrategia de aprendizaje profunda y completa que ofrecemos en nuestro centro desde 2014 y que está creada por Sonia <span class="hiddenSpellError">Talabante</span> <span class="hiddenSpellError">Luis</span> como resultado de su experiencia de más de dos décadas como terapeuta y también como educadora social. Integra la aportación de un amplio abanico de técnicas terapéuticas enriquecidas con una visión holística, aportando una respuesta práctica para vivirte en tu día a día. Te resultará refrescante y revolucionario. Este servicio cuenta con una puntuación de satisfacción del <span class="hiddenGrammarError">9&#8217;7</span> por los <span class="hiddenSpellError">exparticipantes.</span></p>
<h2>Metodología</h2>
<ul>
<li><strong>Conferencia:</strong> Modalidad: Presencial (sábado mañana)</li>
<li><strong>Training Humanista</strong> <strong>(espacio práctico de aprendizaje): </strong>preferentemente con Constelaciones Familiares, entre otras técnicas terapéuticas humanistas. Modalidad: Presencial (viernes tarde y sábado tarde) </li>
<li><strong>Constelaciones Familiares &amp; «La fuerza de encontrar tu lugar»:</strong> Modalidad: Presencial (domingo mañana).</li>
<li><strong>Acceso al Campus Virtual: </strong>Material de propia elaboración. Modalidad: Virtual, podrás gestionar el tiempo que desees dedicarle a lo largo de un mes posterior a las sesiones prácticas del fin de semana. </li>
</ul>
<p>El grupo es reducido para realizar un proceso de aprendizaje y de conciencia de forma profunda, con confidencialidad e intimidad.</p>
<h2>Equipo profesional</h2>
<p><strong>Sonia Talabante:</strong> Dirección/Tutora de la formación y como guía de constelaciones familiares. <strong>Anna Bonet: </strong> Trainer Humanista.</p>
<p><a href="https://retrobat.cat/equip-retrobat/">Más información sobre los profesionales</a></p>
<h2>Más información</h2>
<p><strong>Horario: </strong>Viernes (de 18h a 22h), sábado (de 10h a 14h y de 16h a 20h) y domingo (de 10h a 14h) <strong>Forma de pago: </strong>En caso de realizar ahora el pago exclusivamente por el valor de la reserva (50€ ), realizarás el resto del pago (130€) en efectivo el día de la sesión. <strong>Lugar de realización: </strong>(Central) C/ Migdia 31, 2-A (Vilafranca del Penedès. A 3 minutos andando del transporte público.</p>

<p>Einstein afirmó que existen 11 dimensiones, y que nuestra mente exclusivamente puede percibir 3. Y, por otra parte, la Vida fluye en todas las dimensiones de forma simultánea. No leas más, y vive esta ruta. Inexplicable con palabras y profundamente revitalizadora para vivirla. <a title="Info general "Rutas al Ser"" href="https://retrobat.cat/wp-content/uploads/2024/02/20240227-Flyer-completo_compressed.pdf" target="_blank" rel="noopener">Inform</a><a title="Info general "Rutas al Ser"" href="https://retrobat.cat/wp-content/uploads/2024/02/20240227-Flyer-completo_compressed.pdf" target="_blank" rel="noopener">ación general sobre el Programa «Rutas al Ser»</a>   </p>
